a(8).
2, 3, 13
Suppose -u + m = 5*m - 44, 132 = 3*u - 5*m. Suppose 0 = w - 2*x - 17, -5*w - 7 = 2*x - u. Let o(y) = 12*y + 35. What are the prime factors of o(w)?
11, 13
Suppose -2*m = -7*m + 5. Let a(h) = 437*h**2 + 5*h - 5. What are the prime factors of a(m)?
19, 23
Let z(p) = -5430*p + 1092. List the prime factors of z(-2).
2, 3, 83
Suppose 2*j - 38*j + 341202 = 5*j. What are the prime factors of j?
2, 3, 19, 73
Suppose -3*y - 10 = -4*q - 0, -2*y + 3*q - 8 = 0. Suppose -i = -3*t + 461 + 1205, 2*t + y*i = 1116. List the prime factors of t.
2, 139
Suppose 36*h + 2430 = 27*h. Let v be (3*-2)/((-4)/h*9). What are the prime factors of (v/30)/((-3)/244)?
2, 61
Let j(n) = 4*n - 18. Let r = -11 + -49. Let z = r + 74. List the prime factors of j(z).
2, 19
Let g(q) = -16*q**2 + 12*q. Let r(l) = -l**2 - 2*l - 1. Let h(n) = -g(n) - 6*r(n). What are the prime factors of h(5)?
2, 139
Suppose -71*a = -833330 - 75754. List the prime factors of a.
2, 3, 11, 97
Suppose 320808 = -31*b - 44*b + 2272608. What are the prime factors of b?
2, 3253
Let o = 20118 - 6039. List the prime factors of o.
3, 13, 19
Let j be (2 - 0) + -29 + 0/1. Let b = -66 - j. Let q = 54 + b. List the prime factors of q.
3, 5
What are the prime factors of ((5 - 9/(-18)) + -3)/((-4)/(-75160))?
5, 1879
Suppose 114*h = 115*h - 176. Suppose 0*v + v - h = 0. Suppose -6*g + 82 = -v. List the prime factors of g.
43
Let w = -11446 + 20894. What are the prime factors of w?
2, 1181
Let d(a) = 175*a - 182. Let h be (-12)/30 - 210/(-25). What are the prime factors of d(h)?
2, 3, 7, 29
Suppose -2*v + 6 = -2*i, -5*i - 14*v = -9*v + 35. Let j(b) = 18*b**2 - 2*b + 7. What are the prime factors of j(i)?
467
Suppose -q + 2*g + 2806 + 4113 = 0, 4*q = 2*g + 27664. List the prime factors of q.
3, 5, 461
Let u = -47619 - -70110. List the prime factors of u.
3, 7, 17
Let f(y) = 7*y - 30. Let j be f(-20). Let v be (j/(-51))/((4/(-3))/(-2)). Suppose 0 = q + 4*z - 107, 0*q - 214 = -2*q - v*z. List the prime factors of q.
107
Suppose -5*d - 300800 = -5*o, 0 = -5*o + 4*d + 296128 + 4676. What are the prime factors of o?
2, 13, 89
Let b(k) = k**3 + 4*k**2 - 2*k - 4. Let r(v) = -v**2 + 18*v - 3. Let q be r(18). Let a be b(q). Suppose 13*x = a*x + 226. List the prime factors of x.
113
Let t be -14 + (-9)/45 + (-22)/(-10). Let p = 2 - t. What are the prime factors of 5550/175 - 4/p*-1?
2
Let l be -12*3/(-12)*2. Suppose l*q - 1 = -19. What are the prime factors of (-287)/q - (-10)/(-15)?
5, 19
What are the prime factors of 8 + 6504 + -9 + 23?
2, 13, 251
Let k(s) = 9*s**2 + 6*s + 24. Let a be k(-7). Let i = -241 + a. What are the prime factors of i?
2, 7, 13
Let w(b) = -13*b**2 - 175*b + 2151. Let i(r) = -5*r**2 - 58*r + 717. Let l(x) = -8*i(x) + 3*w(x). List the prime factors of l(0).
3, 239
Let x = 4043 - -655. List the prime factors of x.
2, 3, 29
Let n = 164 - 99. Let i = -62 + n. Suppose i*o = 4*o - 90. What are the prime factors of o?
2, 3, 5
Suppose 0*s = 4*s + 64. Let y = s - -18. Suppose 3*m - 121 = 2*p, 0 = -2*m - y*m + 5*p + 166. List the prime factors of m.
3, 13
Let q = 39 + -31. Suppose q*u = 3*t + 6*u + 18, 2*t + 13 = u. List the prime factors of t/(-6) + 1388/12.
3, 13
Let c(p) = -18 - 777*p + 422*p + 398*p. What are the prime factors of c(9)?
3, 41
Let p(i) = -319*i + 1. Let g = 183 - 184. What are the prime factors of p(g)?
2, 5
Suppose -8*v = -4*v - 2*p - 52906, -3*p + 15 = 0. List the prime factors of v.
13229
Let y be (-5*(-4 - -7))/((-4)/4). Let r(m) = -m**2 + 14*m + 45. What are the prime factors of r(y)?
2, 3, 5
Let x(b) be the third derivative of 13*b**4/6 - 5*b**3 + 47*b**2. Let t be x(10). Suppose -15*r + t = -r. What are the prime factors of r?
5, 7
Let h be (4/3)/(6/(-9)). Let b be (-6 - -3 - 1)/h. Suppose -g = b*q - 5*g - 52, -5*q = 4*g - 158. List the prime factors of q.
2, 3, 5
Let s(k) = k**3 - 3*k + 24*k**2 + k + 6 + 12*k + 3*k + 6*k. What are the prime factors of s(-17)?
2, 853
Let o be ((-22)/110)/((-1)/25). Suppose -3*z + 565 = o*x, 4*x + 364 = 4*z - 368. What are the prime factors of z?
5, 37
Suppose h - 9651 = -0*h - 2*i, 5*h - 3*i = 48307. List the prime factors of h.
13, 743
Let g(r) = 61*r**2 - 96*r - 523. What are the prime factors of g(-20)?
3, 8599
Let f be ((-6)/8)/(-1 + 9/12). Let o(s) = -5 + f*s - 2 + 2 - s**2 + s**3. List the prime factors of o(5).
2, 5, 11
Suppose -61*k - 164452 + 180090 = -1084314. List the prime factors of k.
2, 7, 23
Suppose z = 4*m + 12 + 2, 5*z + m = 91. Suppose 0 = 2*y + 2*j - 960, 0 = -y + z*j - 23*j + 460. What are the prime factors of y?
5, 97
Let f be 0 + (4 - -1) + 9/(-3). Suppose -f*h + 411 = -x, -2*x = h - 7*x - 192. What are the prime factors of h?
3, 23
Let k be -5*(1/(-1) - 143/(-55)). Let p(q) = 2*q + 17. Let d be p(k). List the prime factors of (d/(-3) + (-16)/(-3))*34.
2, 5, 17
Suppose -4*g + 844 = -17624. Let p be -63*1*(-8)/36. What are the prime factors of g/21 - (-2 - (-26)/p)?
2, 5, 11
Let s(f) = -4*f - 7. Let i = -26 + 28. Suppose 12 = -2*b + 5*d + 1, 0 = 2*b + 4*d + i. List the prime factors of s(b).
5
Let b(v) = -v**3 - 4*v**2 - 8*v - 6. Let g(a) = 3*a + 42. Let d be 49/(-3) + (5 - (-42)/(-9)). Let c be g(d). List the prime factors of b(c).
2, 3, 19
Let y(v) be the second derivative of -v**5/2 + v**4/12 + 7*v**2/2 - 472*v + 2. Let n = -7 + 4. List the prime factors of y(n).
2, 11, 13
What are the prime factors of 16/(352/(-55))*-274?
5, 137
Let x = 1467 + -4916. What are the prime factors of 76/266 + x/(-7)?
17, 29
Let b(m) = 246*m - 55. Let j be b(1). Suppose -j = -7*o + 166. What are the prime factors of o?
3, 17
Let d(w) = 308*w - 1755. List the prime factors of d(42).
3, 3727
Let a(g) = g**3 - 2*g**2 + 4*g - 4. Let j be a(2). Suppose 0 = -z + j*z - 1083. List the prime factors of z.
19
Let o = 118 - -353. Suppose -3*b = 0, -5*w - o = -8*w - 3*b. What are the prime factors of w?
157
Let w(f) = f**3 - 5*f**2 - 5*f - 4. Let h = -20 - -26. Let q be w(h). Suppose -q*y + 246 - 48 = 0. List the prime factors of y.
3, 11
List the prime factors of 654/(3 - (0 - 351/(-120))).
2, 5, 109
What are the prime factors of (1 + 2)/(126/617946)?
14713
List the prime factors of (-212434)/(-5) + (-96)/120.
2, 3, 73, 97
Let g = 399 - 401. What are the prime factors of (-912)/6*(0 + g)?
2, 19
Let x(n) = -n**2 - 16*n - 17. Let u be x(-11). Suppose -6*b + 2 = u. Let o(a) = a + 9. What are the prime factors of o(b)?
3
Let z = -280 - -132. What are the prime factors of ((-300)/40)/(3/z*1)?
2, 5, 37
Let u be 3/(-6) + 951/2. Suppose 9*v - u = 4*v. Suppose 0*d - v = -3*f - 4*d, -20 = -4*d. What are the prime factors of f?
5
Suppose 32*y - 7776 = 14*y. Let f = y - 229. What are the prime factors of f?
7, 29
Let q = -194 - -201. Suppose -q*n = -5*n - 526. List the prime factors of n.
263
Suppose -4*m + 21 = 229. Let l = m + 67. Suppose 86 = b + l. What are the prime factors of b?
71
Let q be 2 + -302*2/(-4). Suppose 5*w = -3*p + 797, 6*w - 795 = -3*p + 3*w. Let r = p - q. What are the prime factors of r?
3, 37
Let z = 269 - 261. What are the prime factors of -20*((-82)/z + 0)?
5, 41
Suppose -119 = -4*w + 177. Suppose v + 2*o + 4 = 0, 0 = -4*v + v - o + 3. Suppose z = -5*m + 164 - 9, -w = -v*m + 2*z. What are the prime factors of m?
2
Suppose 2*a = 243 - 55. Suppose -4*y = -5*y + 19. Suppose a = w + y. List the prime factors of w.
3, 5
Suppose 2*f - 90 - 212 = 5*s, -4*f + s + 640 = 0. Let z = f - -1497. List the prime factors of z.
2, 829
Let n = 3733 - 843. What are the prime factors of n?
2, 5, 17
Let z(c) = c**2 + 23*c + 81. Let b be z(-4). Suppose -5*s + 1284 = 2*m, 4*m + m - b*s - 3175 = 0. What are the prime factors of m?
7, 13
Let m = -40 + 75. Suppose -4*l - 126 + 22 = 5*d, 5*l - 75 = 4*d. Let p = m - d. List the prime factors of p.
5, 11
Let b = -6 - -30. Suppose 11573 + 1555 = b*o. What are the prime factors of o?
547
Suppose -231*b = -221*b - 900. List the prime factors of (b/(-5))/((-252)/124 + 2).
2, 3, 31
Let q(w) = -964*w - 6. Let g be q(-5). Suppose -g = -8*l + 2962. Suppose 4*y - l + 183 = -3*p, p - 3*y - 250 = 0. List the prime factors of p.
7, 37
Suppose 0 = -5*g, -3*y = -7*y - 3*g + 21556. List the prime factors of y.
17, 317
Suppose -20 = -5*u + 4*h + 2, 7 = -u - 3*h. What are the prime factors of (-6)/(-3) - (-712)/u?
2, 179
Let g